igit of j?
1
Suppose 5*z - 4 = 3*z. Suppose 5*l - 8 = -a, a - l - 7 = -5*l. Let n = a + z. What is the units digit of n?
5
What is the tens digit of (0 + 28/6)/(14/189)?
6
Let w = -11 - -5. Let z(k) be the second derivative of k**3/6 + 7*k**2/2 - k. What is the units digit of z(w)?
1
Suppose -26*j + 22*j = -452. What is the tens digit of j?
1
Suppose o = 2*t - 4, -o + 4*t - 7 = -1. What is the units digit of (0 - (o + 2)) + 7?
7
Suppose -3*g + 2*m = -102, -4*g - 2*m = -38 - 84. What is the units digit of g?
2
Let q(g) = -g**2 + 8*g + 1. What is the units digit of q(6)?
3
Let l(b) = -3*b + 14. What is the units digit of l(-11)?
7
Suppose 0 = -4*x + 5*p + 210, -8*p - 260 = -5*x - 3*p. Suppose x = 4*z + 2*j, -z - 2*z = j - 35. What is the units digit of z?
0
Let l = 27 - -4. Let i = l - 18. Suppose 0 = -t - 0*j + 4*j + i, t - 8 = -j. What is the units digit of t?
9
What is the tens digit of 12942/45 - (-2)/5?
8
Let h(q) = -5*q + 8*q + 0*q - 10. Let r be -1*-2*3 - -1. What is the units digit of h(r)?
1
Let w = -10 + 11. What is the tens digit of 203/21*w*3?
2
Let f = -9 + 5. Let d = f + 12. What is the units digit of d?
8
Suppose 3*x = -5 + 152. What is the tens digit of x?
4
Let k(v) be the first derivative of -9/2*v**2 - 1/3*v**3 - 9*v - 4. What is the units digit of k(-7)?
5
Let s = 8 + -2. Let j = -8 - -6. Let b = s - j. What is the units digit of b?
8
Let f(x) be the second derivative of 0 - x + 7/6*x**3 + 2*x**2 - 1/2*x**4 - 1/20*x**5. What is the units digit of f(-7)?
4
Suppose -i + 50 = 4*n, 6*i - 95 = 3*i - n. Suppose -2*m = -7*m + i. What is the units digit of m?
6
What is the tens digit of (-1)/(-2)*(7 + 35)?
2
Let n be (-2)/(-6) + (-3)/9. Suppose -3*u + 6 = n, 2*u + 0 = 4*q - 44. What is the units digit of q?
2
Suppose -4*p + 491 = 3*s, -2*p + 0*s + 245 = s. What is the tens digit of p?
2
Let u = 4 - -1. Suppose -2*m + y - 19 = -u*m, -4*m = 2*y - 26. What is the units digit of m?
6
Suppose 5*k - 20 = -3*n - 1, -3*n - 4*k + 14 = 0. What is the tens digit of 3 - -25*(3 + n)?
2
Suppose 192 = -6*h + 9*h. What is the tens digit of h?
6
Suppose -4*a = -3*i - 39, 0 = -3*a - 4*i + 2*i + 8. Suppose 0 = 2*c - a*c + 4. What is the units digit of c - 3 - (-14)/2?
5
Suppose -2*m + 21 = o - 0*o, 2*o - m - 37 = 0. What is the units digit of o?
9
Let n = 30 - 62. Let p = 46 + n. Suppose 22 = 3*u - p. What is the units digit of u?
2
Suppose 23*h - 6192 = 5*h. What is the units digit of h?
4
Let o = -20 - -34. Let z = o + 4. What is the units digit of z?
8
Let h(k) = -k**2 - 10*k + 14. Let c be (12/(-15))/(6/75). Let w be h(c). Let r = -6 + w. What is the units digit of r?
8
Suppose -3*n - 2 = -2*s, 3*s = 3*n - 2*n - 4. Let x be (-1)/(-2) + (-5)/n. Suppose x*c - 34 = -4. What is the units digit of c?
0
Let z(m) = 8*m - 3. What is the units digit of z(9)?
9
Let w = -2 - -6. Suppose -w*s + 25 + 11 = 0. What is the units digit of s?
9
Suppose -3*t + 5*l = -67 - 28, 0 = -t - 4*l + 60. What is the units digit of t?
0
Let k(w) = w**2 - 3*w - 1. Let l be k(4). What is the units digit of (-3)/l*(-8 - 1)?
9
Suppose 3*k + 0*c - 1 = -2*c, 20 = -5*c. Suppose 3*h + 2*h = 5*s - 90, -5*s - k*h = -106. What is the units digit of s?
0
What is the tens digit of (0 - 1 - 0)*-36?
3
Let d(l) = -l**3 - l**2 - l + 5. Let c be d(0). Let g = c + -1. What is the units digit of g?
4
Suppose 83*r = 79*r + 856. What is the hundreds digit of r?
2
What is the hundreds digit of (5 + 380/12)*(0 - -3)?
1
Let l be -1 + (2 - 2) - -13. Suppose h - 4*h + l = 0. Suppose 4 = -h*i + 40. What is the units digit of i?
9
Let z = 9 + -5. Let p(n) = -n + 5 + 0 - z. What is the units digit of p(-7)?
8
Let z(i) = -i**2 - 9*i + 1. Let r(h) = -h**3 + 8*h**2 - h + 1. Let x be r(8). Let c be z(x). Suppose -2*l = -c + 7. What is the units digit of l?
4
Suppose -13 - 95 = -3*f. What is the units digit of f?
6
Suppose -2*g + 4*m = 2*m, 4*g = -m + 15. Let s(k) = -k**3 + 3*k**2 + 2*k - 1. Let l be s(g). Let h = l + -4. What is the units digit of h?
1
Suppose 4*u + 91 = 5*u. What is the units digit of u?
1
Let a = 224 + -132. What is the tens digit of a?
9
Let u(d) = d - 2. Let g be u(6). Suppose 0 = -a - 2*t - 10, 0 = 2*a - g*a + 4*t + 20. Let x = 3 + a. What is the units digit of x?
3
Let i = -44 - -62. Let p = i - 9. What is the units digit of p?
9
Let r = -1 - 4. Let u(q) = 7*q**2 + 3*q + 5. Let s(m) = -3*m**2 - m - 2. Let w(n) = 9*s(n) + 4*u(n). What is the units digit of w(r)?
2
Let z(v) = -v + 12. Let f be z(10). Suppose 0 = 3*b - 3*n - 39, -3*n = -b + f*n - 7. What is the units digit of b?
8
Let o(k) = k**3 - 5*k**2 - 6*k + 5. Let h(w) be the first derivative of -w**2 + 2*w - 1. Let r be h(-2). What is the units digit of o(r)?
5
Let n(z) = z**3 + 10*z**2 - 11*z + 6. Let m be n(-11). Let a(k) = -k + 3. Let y be a(m). What is the units digit of 13 - ((-2 - y) + 1)?
1
Suppose 0 = -t - 1, -2*g + t + 52 = 5*t. What is the tens digit of g?
2
Suppose 8*y = 3*y + 230. What is the units digit of y?
6
Let p be ((-8)/(-4))/(1/32). Suppose -5*q = -2*a - 242, 2*a + p = q + 14. What is the units digit of q?
8
Suppose 5*t + 0*l + l - 7 = 0, 2*l = -t - 4. Suppose -3*s - 2*y - 9 = 0, t*y - 16 = -0*s + 2*s. What is the units digit of s/(-20) + 31/4?
8
Let h(c) = -c + 10. Let t be h(8). Suppose -3 = t*q - 3*n - 11, 4*q - 4*n - 24 = 0. What is the units digit of q?
0
Suppose 5*n - 4*m - m - 990 = 0, -196 = -n - m. What is the units digit of n?
7
Suppose 0 = -2*k - 5*c + 46, -5*k + 5*c + 82 = c. What is the units digit of (-6)/27 + 400/k?
2
Suppose -4*h - 27 = q - 11, h = -4*q - 4. Suppose 42 = s - q*s - 5*m, s + 4*m + 3 = 0. What is the units digit of s?
7
Let y = -3 - -1. Let r(m) = -8*m**3 + 2*m**2 - m. Let q be r(1). Let x = y - q. What is the units digit of x?
5
Suppose -5*i - 4*w = -20, -4*i - 4*w - 12 = -3*i. Suppose q + i = 3*j, 2*q - 12 = -2*j + j. What is the units digit of q?
4
Let n(d) = 2*d**2 + 22*d - 29. What is the hundreds digit of n(-16)?
1
Let b = 1 + 3. Suppose 2*j + 5*a - 2*a = 11, -14 = -2*j - b*a. What is the units digit of j?
1
Suppose 2*q = -2*q. Suppose -y = 4*y - 5, q = n + y + 3. Let m(l) = l**3 + 6*l**2 + 6*l + 2. What is the tens digit of m(n)?
1
What is the tens digit of 2834/39 + 2/6?
7
Suppose 5*p + 9 = 2*p. Let j be ((-8)/p)/(4/6). Suppose -5*c = 4*b - 75, -c = 5*b - 19 + j. What is the tens digit of c?
1
Suppose -2*f + 15 = 3*f. Let k = f + -3. Suppose k = -5*i - 4*h + 6, -5 = -2*i + i + 3*h. What is the units digit of i?
2
Let p(a) = -10*a + 5. Let u be p(2). Let v = 21 + u. What is the units digit of v?
6
Let w be 4 + (-1 - 0) + -26. Let t = w - -41. What is the tens digit of t?
1
Let z be (-686)/(-21) - 2/3. Suppose 0 = -0*h - 4*h + z. What is the units digit of h?
8
Suppose 24 = a + 5*d, 4*a - 4 = -5*d + 32. Suppose 0 = -a*j - j - 20. Let l(m) = -m - 2. What is the units digit of l(j)?
2
Let w(q) = -q**3 + 7*q**2 + 11*q. Let o be w(8). Let l = -15 + o. What is the units digit of l?
9
Suppose 2*y + 34 = -24. Let h = -12 - y. What is the tens digit of h?
1
Suppose t - 4*b = 5*t - 112, -b - 92 = -3*t. What is the units digit of t?
0
Suppose 3*c + 37 = l - 0*c, -2*l + 83 = -3*c. What is the units digit of l?
6
Suppose -5*z = -0*z + 2*c - 51, -3*z = 4*c - 25. What is the units digit of z?
1
Suppose 4*u + 2*j = 2, 5*j - 2 = 3*j. Let q = 6 - 11. Let f = u - q. What is the units digit of f?
5
Let i = 56 + -107. Let k = 98 + i. Suppose 3*a - 52 = -5*x, 0*a - k = -3*a - 4*x. What is the units digit of a?
9
Let r(y) = -6*y - 3. Let s = 17 + -23. What is the units digit of r(s)?
3
Let a(z) = z**3 - 4*z**2 - 4*z + 10. Let r(l) = l**3 - 3*l**2 - 4*l + 9. Let q(d) = 5*a(d) - 6*r(d). What is the tens digit of q(-4)?
1
Let s(v) = v**2 + 11*v + 6. What is the units digit of s(-24)?
8
Suppose 2*x = 5*x + 18. What is the units digit of (x/18)/(2/(-66))?
1
Let t(l) = 5*l + 41. What is the units digit of t(-8)?
1
Suppose 3*v - j - 21 = -6*j, 0 = v + 5*j - 17. Suppose 3*g = -5*h - v, 2*h = 4*g - 0*h - 32. What is the units digit of g?
6
Suppose 0 = l + 3 - 5, 3*a = 2*l + 2. What is the units digit of a?
2
Suppose -3*j + a = -a - 157, -a + 142 = 3*j. What is the tens digit of j?
4
Suppose -3*y = 3*l - 24, -3*l + 4*l + 4*y = 14. Let c = l - 6. Let g = 7 - c. What is the units digit of g?
7
Let k = 9 + -1